21381.
3, 59, 756053
List the prime factors of 119820963.
3, 39940321
List the prime factors of 18293964.
2, 3, 13, 117269
What are the prime factors of 11931321?
3, 3977107
What are the prime factors of 35467594?
2, 1747, 10151
What are the prime factors of 511240597?
7, 53, 1378007
What are the prime factors of 69836692?
2, 17459173
List the prime factors of 164719599.
3, 11, 227, 1999
List the prime factors of 5510999060.
2, 5, 7, 449, 87671
What are the prime factors of 73650680?
2, 5, 1841267
What are the prime factors of 47217894?
2, 3, 509, 15461
List the prime factors of 269278658.
2, 11, 12239939
What are the prime factors of 4636791390?
2, 3, 5, 7, 11, 53, 313
What are the prime factors of 285688795?
5, 7, 47, 173671
What are the prime factors of 137887602?
2, 3, 59, 389513
What are the prime factors of 1843353189?
3, 204817021
List the prime factors of 234423793.
61, 109, 35257
List the prime factors of 2073971166.
2, 3, 345661861
List the prime factors of 571824119.
277, 1283, 1609
List the prime factors of 32093565.
3, 5, 7, 19, 16087
List the prime factors of 16317446.
2, 661, 12343
List the prime factors of 3094974816.
2, 3, 37, 47, 18539
What are the prime factors of 118206035?
5, 23641207
List the prime factors of 12155785.
5, 29, 83833
What are the prime factors of 50718431?
1231, 41201
List the prime factors of 339171127.
339171127
List the prime factors of 4673450.
2, 5, 151, 619
What are the prime factors of 3378469?
1289, 2621
What are the prime factors of 209547093?
3, 7, 983, 10151
List the prime factors of 29319832.
2, 17, 215587
List the prime factors of 98080186.
2, 179, 273967
List the prime factors of 213070425.
3, 5, 2840939
What are the prime factors of 2239967851?
11, 229, 7349
What are the prime factors of 30713488?
2, 13, 147661
List the prime factors of 4467614873.
67, 79, 844061
What are the prime factors of 14715165?
3, 5, 981011
List the prime factors of 28837579.
28837579
List the prime factors of 10136297.
139, 72923
What are the prime factors of 634938825?
3, 5, 59, 143489
What are the prime factors of 83571545?
5, 1367, 12227
What are the prime factors of 578464043?
311, 1860013
What are the prime factors of 99696416?
2, 1289, 2417
List the prime factors of 21982083.
3, 7327361
What are the prime factors of 101670578?
2, 29, 1752941
List the prime factors of 181264473.
3, 13, 79, 2179
What are the prime factors of 1444966419?
3, 13, 37050421
List the prime factors of 542292439.
13, 47, 67, 1019
What are the prime factors of 406421170?
2, 5, 89, 456653
What are the prime factors of 722229605?
5, 144445921
List the prime factors of 1739795478.
2, 3, 289965913
What are the prime factors of 712971973?
7, 101853139
What are the prime factors of 4780567320?
2, 3, 5, 179, 457, 487
What are the prime factors of 1611894148?
2, 101, 3989837
List the prime factors of 366692792.
2, 37, 1238827
List the prime factors of 619613799.
3, 7, 373, 79103
What are the prime factors of 2713061437?
61, 44476417
What are the prime factors of 201209565?
3, 5, 13413971
What are the prime factors of 67971464?
2, 11, 772403
What are the prime factors of 6065338965?
3, 5, 7, 17, 167, 20347
What are the prime factors of 352794780?
2, 3, 5, 13, 150767
List the prime factors of 226823778.
2, 3, 127, 99223
What are the prime factors of 150571737?
3, 17, 328043
List the prime factors of 1581476.
2, 13, 17, 1789
What are the prime factors of 13387211?
17, 787483
List the prime factors of 102213219.
3, 23, 641, 2311
List the prime factors of 560697335.
5, 11, 23, 53, 8363
List the prime factors of 383547852.
2, 3, 29, 151, 811
What are the prime factors of 1782691093?
19, 53, 89, 19891
What are the prime factors of 1723976394?
2, 3, 7, 79, 6577
What are the prime factors of 361601980?
2, 5, 31, 583229
List the prime factors of 2097426764.
2, 23, 2153, 10589
What are the prime factors of 9979920?
2, 3, 5, 83, 167
What are the prime factors of 49474546?
2, 11, 53, 151, 281
What are the prime factors of 58172946?
2, 3, 13, 17, 19, 2309
List the prime factors of 4425876667.
1951, 2268517
What are the prime factors of 70900964?
2, 17725241
What are the prime factors of 40555588?
2, 73, 138889
List the prime factors of 177501527.
7, 25357361
List the prime factors of 1233525061.
31, 491, 81041
What are the prime factors of 392499625?
5, 7, 19, 23609
What are the prime factors of 459286018?
2, 31, 41, 180679
List the prime factors of 3637614257.
3637614257
List the prime factors of 5776711625.
5, 23, 659, 3049
What are the prime factors of 16441311?
3, 5480437
What are the prime factors of 1851518689?
1851518689
What are the prime factors of 435094733?
59, 229, 32203
List the prime factors of 565944308.
2, 31, 79, 57773
What are the prime factors of 4019186545?
5, 11, 73076119
What are the prime factors of 3486202840?
2, 5, 19, 1997, 2297
What are the prime factors of 863281636?
2, 7, 3541, 8707
List the prime factors of 337606702.
2, 67, 2519453
What are the prime factors of 121683029?
13, 31, 301943
List the prime factors of 12180594.
2, 3, 2030099
What are the prime factors of 91840171?
17, 1693, 3191
What are the prime factors of 205601602?
2, 102800801
What are the prime factors of 213518656?
2, 13, 19, 1039
What are the prime factors of 489948305?
5, 7, 11, 137, 1327
What are the prime factors of 248936190?
2, 3, 5, 8297873
What are the prime factors of 4751309504?
2, 74239211
What are the prime factors of 68961547?
1039, 66373
What are the prime factors of 158356862?
2, 83, 139, 6863
List the prime factors of 1071212291.
23081, 46411
What are the prime factors of 744166138?
2, 372083069
List the prime factors of 32545153.
4157, 7829
List the prime factors of 15303759.
3, 19, 268487
What are the prime factors of 492407566?
2, 7, 5024567
What are the prime factors of 699324?
2, 3, 101, 577
What are the prime factors of 192937940?
2, 5, 13, 742069
List the prime factors of 43721570.
2, 5, 4372157
What are the prime factors of 4495395?
3, 5, 17, 61
List the prime factors of 9999914.
2, 4999957
What are the prime factors of 26482614?
2, 3, 23, 191903
What are the prime factors of 31817682?
2, 3, 13, 227, 599
List the prime factors of 17904646.
2, 8952323
List the prime factors of 2355030397.
2355030397
What are the prime factors of 2194058617?
43, 97, 526027
What are the prime factors of 5171964685?
5, 2293, 451109
What are the prime factors of 483426226?
2, 9901, 24413
List the prime factors of 659494158.
2, 3, 17, 53, 121993
What are the prime factors of 2613602477?
2613602477
List the prime factors of 1571358.
2, 3, 101, 2593
List the prime factors of 141289133.
97, 131, 11119
List the prime factors of 371676691.
1051, 353641
List the prime factors of 67450418.
2, 7, 19, 253573
List the prime factors of 56934645.
3, 5, 3795643
List the prime factors of 29157614.
2, 14578807
List the prime factors of 25242405.
3, 5, 1682827
What are the prime factors of 389215731?
3, 17, 113, 67537
List the prime factors of 348896023.
7, 43, 165589
List the prime factors of 66036333.
3, 11, 2001101
List the prime factors of 302168552.
2, 7, 19, 14947
What are the prime factors of 121347861?
3, 29, 997, 1399
What are the prime factors of 2539027791?
3, 282114199
List the prime factors of 7236341329.
7, 17, 97, 773, 811
List the prime factors of 154282897.
154282897
List the prime factors of 244856227.
7, 11, 97, 32783
What are the prime factors of 134600845?
5, 19, 1416851
What are the prime factors of 44096753?
44096753
List the prime factors of 123640536.
2, 3, 71, 72559
List the prime factors of 38071570.
2, 5, 269, 14153
List the prime factors of 128909211.
3, 1697, 25321
What are the prime factors of 14922954?
2, 3, 251, 367
What are the prime factors of 51560899?
13, 3966223
List the prime factors of 110772350.
2, 5, 13, 193, 883
List the prime factors of 947507523.
3, 19, 16622939
What are the prime factors of 56225782?
2, 157, 241, 743
What are the prime factors of 37582418?
2, 19, 989011
What are the prime factors of 154939407?
3, 7, 7378067
What are the prime factors of 5507265?
3, 5, 37, 9923
What are the prime factors of 36603250?
2, 5, 31, 4723
What are the prime factors of 4733594406?
2, 3, 53, 89, 197, 283
List the prime factors of 125805